ime number?
True
Is 384882929 a composite number?
True
Is 69402687707 prime?
False
Is 4104209339 composite?
False
Is 8965472783 prime?
True
Is 2380362701 prime?
True
Is 2734163359 prime?
False
Is 293222327 prime?
True
Is 78058035641 a composite number?
False
Is 7868417399 a composite number?
True
Is 243433492891 a composite number?
False
Is 13040518697 prime?
False
Is 52872282259 a composite number?
False
Is 620680289 composite?
False
Is 4159296131 a composite number?
True
Is 56394723859 prime?
False
Is 1365802 prime?
False
Is 8497313557 composite?
True
Is 22289044303 prime?
False
Is 3082269157 a prime number?
False
Is 316011833 prime?
True
Is 640718263 a prime number?
True
Is 1100322337 prime?
False
Is 11776305557 composite?
False
Is 4684320257 composite?
False
Is 106171482643 composite?
False
Is 4444663211 composite?
True
Is 7783912777 prime?
False
Is 12921339007 a prime number?
True
Is 23567554613 a prime number?
False
Is 2198313487 a prime number?
False
Is 45112627481 composite?
False
Is 14872692469 composite?
True
Is 853245469 prime?
False
Is 1880919791 a composite number?
True
Is 1184624779 prime?
False
Is 6172517893 a composite number?
False
Is 12122411683 composite?
True
Is 170977767 a composite number?
True
Is 713295203 a composite number?
True
Is 2712627101 composite?
True
Is 24811244057 composite?
False
Is 19201418461 a composite number?
False
Is 2043894599 composite?
False
Is 5504937673 a composite number?
True
Is 1921990907 composite?
True
Is 554576689 a composite number?
False
Is 10629531659 a prime number?
True
Is 90432169367 composite?
True
Is 196322153 a prime number?
True
Is 10476857607 prime?
False
Is 93395638163 a composite number?
True
Is 51021718999 composite?
False
Is 14256471443 prime?
False
Is 2486080939 a prime number?
False
Is 445477523 composite?
False
Is 371190699469 composite?
False
Is 33442389073 composite?
False
Is 2573978669 prime?
False
Is 2443871777 prime?
True
Is 5296137421 prime?
True
Is 103686906331 a composite number?
False
Is 225499063 a prime number?
True
Is 3859140553 a prime number?
True
Is 16531995409 a prime number?
True
Is 7578272123 a prime number?
False
Is 251607722 composite?
True
Is 666036893 a prime number?
True
Is 351375276127 a prime number?
True
Is 6255014041 prime?
False
Is 17514954481 a prime number?
True
Is 2230080857 a composite number?
False
Is 31770733289 a composite number?
True
Is 4052182129 composite?
True
Is 52570582873 a composite number?
True
Is 2919755693 a composite number?
False
Is 30036091367 prime?
True
Is 2101394749 prime?
True
Is 1129751841 prime?
False
Is 588758829 prime?
False
Is 876346661 composite?
False
Is 11863040359 a composite number?
True
Is 27977820799 prime?
False
Is 69180171 composite?
True
Is 2352990707 a composite number?
False
Is 177196973 prime?
False
Is 798190039 prime?
True
Is 60079071539 composite?
True
Is 272352407 composite?
True
Is 1525272803 prime?
True
Is 1359483673 a composite number?
False
Is 8194441 prime?
False
Is 1440712471 composite?
True
Is 1209737063 a composite number?
False
Is 113086653187 a composite number?
True
Is 524364305 prime?
False
Is 5166266123 prime?
False
Is 2345596867 a composite number?
True
Is 6998945 a prime number?
False
Is 4066364761 a prime number?
True
Is 30384948817 a prime number?
True
Is 18838411951 a prime number?
False
Is 158481251 prime?
True
Is 1869122429 a composite number?
False
Is 6118345243 composite?
False
Is 6743347565 a composite number?
True
Is 1614775801 a prime number?
True
Is 64748921 a composite number?
True
Is 936221641 a prime number?
False
Is 11678933383 composite?
True
Is 1490810497 prime?
False
Is 72574723673 a composite number?
False
Is 666008809 a composite number?
True
Is 17515077493 a prime number?
False
Is 10965049 a composite number?
False
Is 44145947311 a composite number?
False
Is 4508030467 a prime number?
True
Is 74916038891 a composite number?
False
Is 1195216567 prime?
False
Is 3428057647 a prime number?
False
Is 4584445999 prime?
False
Is 4524102229 prime?
False
Is 42842927 prime?
True
Is 23850482527 a prime number?
True
Is 859615681 prime?
True
Is 20145734101 prime?
False
Is 13153807871 prime?
True
Is 25044390809 prime?
True
Is 8565186671 a composite number?
False
Is 3768653671 a composite number?
True
Is 1403489161 composite?
False
Is 578399099 composite?
False
Is 59499992947 prime?
True
Is 855796127 composite?
False
Is 10962837973 a composite number?
False
Is 124438008151 a prime number?
True
Is 357554983 a prime number?
True
Is 4630781611 a prime number?
True
Is 148101304441 composite?
False
Is 24463486591 a prime number?
False
Is 10427435407 a composite number?
False
Is 72453413 a composite number?
False
Is 8578212329 composite?
True
Is 10454355011 a composite number?
False
Is 1976738317 a prime number?
False
Is 18327224071 a composite number?
True
Is 3879397337 composite?
False
Is 8668995911 a prime number?
True
Is 45363863057 a composite number?
False
Is 2352795059 a prime number?
False
Is 249603942363 composite?
True
Is 3744981007 a composite number?
True
Is 1301924671 a prime number?
False
Is 486712693 composite?
False
Is 2669399 a prime number?
False
Is 1110047179 a prime number?
True
Is 7725284243 a composite number?
False
Is 2133559847 a prime number?
True
Is 12839881609 a composite number?
False
Is 60350263 composite?
False
Is 504801371 a composite number?
True
Is 663138841 a prime number?
True
Is 24379597343 a composite number?
False
Is 372256993 a composite number?
True
Is 192345689 a prime number?
False
Is 116803231 composite?
False
Is 10347570349 a composite number?
True
Is 82670491087 prime?
True
Is 10448680043 composite?
False
Is 1008855049 a prime number?
False
Is 1084480171 a composite number?
False
Is 1621229507 a composite number?
True
Is 31468567499 a composite number?
False
Is 6944864569 prime?
True
Is 2890156403 a composite number?
True
Is 1972407791 prime?
True
Is 357914741 a prime number?
True
Is 22634191949 a composite number?
False
Is 10165949 composite?
True
Is 340048633 a composite number?
True
Is 40428842317 a prime number?
False
Is 3954399431 composite?
True
Is 1912353497 a composite number?
False
Is 1399540321 a composite number?
False
Is 9378354467 composite?
True
Is 254176577 prime?
True
Is 7301467 prime?
False
Is 437122926653 a prime number?
False
Is 4359323218 a composite number?
True
Is 5716872277 a prime number?
True
Is 70203047077 composite?
True
Is 12909370679 a prime number?
False
Is 26788731639 a prime number?
False
Is 189158897 prime?
False
Is 579949549 prime?
True
Is 132975975437 a composite number?
False
Is 77242930377 prime?
False
Is 866287789 a composite number?
False
Is 123767245801 a prime number?
False
Is 1486778099 a prime number?
True
Is 7516147157 prime?
True
Is 138817307 a prime number?
False
Is 8706689071 a composite number?
False
Is 173528470967 a prime number?
False
Is 20144699291 a prime number?
False
Is 10576212923 prime?
True
Is 37251114337 a prime number?
False
Is 2303947603 a prime number?
True
Is 16874543305 composite?
True
Is 2343109033 a composite number?
False
Is 2012159509 composite?
True
Is 353298851 a composite number?
True
Is 210090479 a composite number?
True
Is 99481486961 prime?
False
Is 17883389263 composite?
True
Is 75534765881 a composite number?
True
Is 495219521 a prime number?
True
Is 35450504513 a composite number?
True
Is 4264960099 a composite number?
False
Is 1525056209 a composite number?
False
Is 6638162194 prime?
False
Is 83878499 composite?
False
Is 48551313079 prime?
True
Is 1690895897 prime?
False
Is 3098373433 a composite number?
True
Is 518247151 prime?
True
Is 75548045021 composite?
False
Is 5704852823 composite?
False
Is 291226289 a prime number?
True
Is 24706661461 a composite number?
True
Is 3199487527 a composite number?
False
Is 12175113187 prime?
True
Is 28270619 a composite number?
True
Is 274753687 composite?
True
Is 19730936647 a prime number?
False
Is 5226840737 a composite number?
False
Is 15225006169 a prime number?
False
Is 65422579463 a composite number?
True
Is 1266091601 a prime number?
True
Is 401369299 prime?
False
Is 8234140153 composite?
False
Is 1148256251 prime?
False
Is 17117633527 a composite number?
False
Is 89971039 a composite number?
True
Is 507615499 prime?